{"id":3256,"date":"2023-12-14T13:38:41","date_gmt":"2023-12-14T12:38:41","guid":{"rendered":"https:\/\/lk.regionalnidobrovolnickecentrum.cz\/subdom\/lk\/wp-content\/uploads\/2023\/12\/Domov-Senioru-plakat.jpg"},"modified":"2023-12-14T13:48:13","modified_gmt":"2023-12-14T12:48:13","slug":"domov-senioru-plakat","status":"inherit","type":"attachment","link":"https:\/\/lk.regionalnidobrovolnickecentrum.cz\/subdom\/lk\/stan-se-dobrovolnikem-v-domove-senioru-v-jablonci-nad-nisou\/domov-senioru-plakat\/","title":{"rendered":"Domov Senioru plakat"},"author":20,"comment_status":"closed","ping_status":"closed","template":"","meta":{"om_disable_all_campaigns":false,"_monsterinsights_skip_tracking":false,"_monsterinsights_sitenote_active":false,"_monsterinsights_sitenote_note":"","_monsterinsights_sitenote_category":0},"aioseo_notices":[],"description":{"rendered":"<p class=\"attachment\"><a href='https:\/\/lk.regionalnidobrovolnickecentrum.cz\/subdom\/lk\/wp-content\/uploads\/2023\/12\/Domov-Senioru-plakat.jpg'><img loading=\"lazy\" decoding=\"async\" width=\"213\" height=\"300\" src=\"https:\/\/lk.regionalnidobrovolnickecentrum.cz\/subdom\/lk\/wp-content\/uploads\/2023\/12\/Domov-Senioru-plakat-213x300.jpg\" class=\"attachment-medium size-medium\" alt=\"\" srcset=\"https:\/\/lk.regionalnidobrovolnickecentrum.cz\/subdom\/lk\/wp-content\/uploads\/2023\/12\/Domov-Senioru-plakat-213x300.jpg 213w, https:\/\/lk.regionalnidobrovolnickecentrum.cz\/subdom\/lk\/wp-content\/uploads\/2023\/12\/Domov-Senioru-plakat-726x1024.jpg 726w, https:\/\/lk.regionalnidobrovolnickecentrum.cz\/subdom\/lk\/wp-content\/uploads\/2023\/12\/Domov-Senioru-plakat-768x1083.jpg 768w, https:\/\/lk.regionalnidobrovolnickecentrum.cz\/subdom\/lk\/wp-content\/uploads\/2023\/12\/Domov-Senioru-plakat-1090x1536.jpg 1090w, https:\/\/lk.regionalnidobrovolnickecentrum.cz\/subdom\/lk\/wp-content\/uploads\/2023\/12\/Domov-Senioru-plakat.jpg 1240w\" sizes=\"(max-width: 213px) 100vw, 213px\" \/><\/a><\/p>\n"},"caption":{"rendered":"<p>Plak\u00e1t &#8211; informace o \u0161kolen\u00ed dobrovoln\u00edk\u016f<\/p>\n"},"alt_text":"","media_type":"image","mime_type":"image\/jpeg","media_details":{"width":1240,"height":1748,"file":"2023\/12\/Domov-Senioru-plakat.jpg","filesize":463104,"sizes":{"medium":{"file":"Domov-Senioru-plakat-213x300.jpg","width":213,"height":300,"filesize":20212,"mime_type":"image\/jpeg","source_url":"https:\/\/lk.regionalnidobrovolnickecentrum.cz\/subdom\/lk\/wp-content\/uploads\/2023\/12\/Domov-Senioru-plakat-213x300.jpg"},"large":{"file":"Domov-Senioru-plakat-726x1024.jpg","width":726,"height":1024,"filesize":126991,"mime_type":"image\/jpeg","source_url":"https:\/\/lk.regionalnidobrovolnickecentrum.cz\/subdom\/lk\/wp-content\/uploads\/2023\/12\/Domov-Senioru-plakat-726x1024.jpg"},"thumbnail":{"file":"Domov-Senioru-plakat-150x150.jpg","width":150,"height":150,"filesize":10771,"mime_type":"image\/jpeg","source_url":"https:\/\/lk.regionalnidobrovolnickecentrum.cz\/subdom\/lk\/wp-content\/uploads\/2023\/12\/Domov-Senioru-plakat-150x150.jpg"},"medium_large":{"file":"Domov-Senioru-plakat-768x1083.jpg","width":768,"height":1083,"filesize":139629,"mime_type":"image\/jpeg","source_url":"https:\/\/lk.regionalnidobrovolnickecentrum.cz\/subdom\/lk\/wp-content\/uploads\/2023\/12\/Domov-Senioru-plakat-768x1083.jpg"},"1536x1536":{"file":"Domov-Senioru-plakat-1090x1536.jpg","width":1090,"height":1536,"filesize":233258,"mime_type":"image\/jpeg","source_url":"https:\/\/lk.regionalnidobrovolnickecentrum.cz\/subdom\/lk\/wp-content\/uploads\/2023\/12\/Domov-Senioru-plakat-1090x1536.jpg"},"colormag-highlighted-post":{"file":"Domov-Senioru-plakat-392x272.jpg","width":392,"height":272,"filesize":27975,"mime_type":"image\/jpeg","source_url":"https:\/\/lk.regionalnidobrovolnickecentrum.cz\/subdom\/lk\/wp-content\/uploads\/2023\/12\/Domov-Senioru-plakat-392x272.jpg"},"colormag-featured-post-medium":{"file":"Domov-Senioru-plakat-390x205.jpg","width":390,"height":205,"filesize":22691,"mime_type":"image\/jpeg","source_url":"https:\/\/lk.regionalnidobrovolnickecentrum.cz\/subdom\/lk\/wp-content\/uploads\/2023\/12\/Domov-Senioru-plakat-390x205.jpg"},"colormag-featured-post-small":{"file":"Domov-Senioru-plakat-130x90.jpg","width":130,"height":90,"filesize":8088,"mime_type":"image\/jpeg","source_url":"https:\/\/lk.regionalnidobrovolnickecentrum.cz\/subdom\/lk\/wp-content\/uploads\/2023\/12\/Domov-Senioru-plakat-130x90.jpg"},"colormag-featured-image":{"file":"Domov-Senioru-plakat-800x445.jpg","width":800,"height":445,"filesize":67724,"mime_type":"image\/jpeg","source_url":"https:\/\/lk.regionalnidobrovolnickecentrum.cz\/subdom\/lk\/wp-content\/uploads\/2023\/12\/Domov-Senioru-plakat-800x445.jpg"},"colormag-default-news":{"file":"Domov-Senioru-plakat-150x150.jpg","width":150,"height":150,"filesize":10771,"mime_type":"image\/jpeg","source_url":"https:\/\/lk.regionalnidobrovolnickecentrum.cz\/subdom\/lk\/wp-content\/uploads\/2023\/12\/Domov-Senioru-plakat-150x150.jpg"},"colormag-featured-image-large":{"file":"Domov-Senioru-plakat-1240x600.jpg","width":1240,"height":600,"filesize":134442,"mime_type":"image\/jpeg","source_url":"https:\/\/lk.regionalnidobrovolnickecentrum.cz\/subdom\/lk\/wp-content\/uploads\/2023\/12\/Domov-Senioru-plakat-1240x600.jpg"},"full":{"file":"Domov-Senioru-plakat.jpg","width":1240,"height":1748,"mime_type":"image\/jpeg","source_url":"https:\/\/lk.regionalnidobrovolnickecentrum.cz\/subdom\/lk\/wp-content\/uploads\/2023\/12\/Domov-Senioru-plakat.jpg"}},"image_meta":{"aperture":"0","credit":"","camera":"","caption":"","created_timestamp":"0","copyright":"","focal_length":"0","iso":"0","shutter_speed":"0","title":"","orientation":"1","keywords":[]}},"post":3254,"source_url":"https:\/\/lk.regionalnidobrovolnickecentrum.cz\/subdom\/lk\/wp-content\/uploads\/2023\/12\/Domov-Senioru-plakat.jpg","_links":{"self":[{"href":"https:\/\/lk.regionalnidobrovolnickecentrum.cz\/subdom\/lk\/wp-json\/wp\/v2\/media\/3256"}],"collection":[{"href":"https:\/\/lk.regionalnidobrovolnickecentrum.cz\/subdom\/lk\/wp-json\/wp\/v2\/media"}],"about":[{"href":"https:\/\/lk.regionalnidobrovolnickecentrum.cz\/subdom\/lk\/wp-json\/wp\/v2\/types\/attachment"}],"author":[{"embeddable":true,"href":"https:\/\/lk.regionalnidobrovolnickecentrum.cz\/subdom\/lk\/wp-json\/wp\/v2\/users\/20"}],"replies":[{"embeddable":true,"href":"https:\/\/lk.regionalnidobrovolnickecentrum.cz\/subdom\/lk\/wp-json\/wp\/v2\/comments?post=3256"}]}}

<p>Plakát &#8211; informace o školení dobrovolníků</p>
