{"id":3302,"date":"2024-02-05T09:34:35","date_gmt":"2024-02-05T08:34:35","guid":{"rendered":"https:\/\/lk.regionalnidobrovolnickecentrum.cz\/subdom\/lk\/wp-content\/uploads\/2024\/02\/Foto-3.jpg"},"modified":"2024-02-05T09:37:00","modified_gmt":"2024-02-05T08:37:00","slug":"foto-3","status":"inherit","type":"attachment","link":"https:\/\/lk.regionalnidobrovolnickecentrum.cz\/subdom\/lk\/odsouzeni-vyrabeli-skritky-pro-charitu\/foto-3\/","title":{"rendered":"Trpasl\u00edci vazebn\u00ed v\u011bznice Liberec"},"author":20,"comment_status":"closed","ping_status":"closed","template":"","meta":{"om_disable_all_campaigns":false,"_monsterinsights_skip_tracking":false,"_monsterinsights_sitenote_active":false,"_monsterinsights_sitenote_note":"","_monsterinsights_sitenote_category":0},"aioseo_notices":[],"description":{"rendered":"<p class=\"attachment\"><a href='https:\/\/lk.regionalnidobrovolnickecentrum.cz\/subdom\/lk\/wp-content\/uploads\/2024\/02\/Foto-3.jpg'><img loading=\"lazy\" decoding=\"async\" width=\"216\" height=\"300\" src=\"https:\/\/lk.regionalnidobrovolnickecentrum.cz\/subdom\/lk\/wp-content\/uploads\/2024\/02\/Foto-3-216x300.jpg\" class=\"attachment-medium size-medium\" alt=\"\" srcset=\"https:\/\/lk.regionalnidobrovolnickecentrum.cz\/subdom\/lk\/wp-content\/uploads\/2024\/02\/Foto-3-216x300.jpg 216w, https:\/\/lk.regionalnidobrovolnickecentrum.cz\/subdom\/lk\/wp-content\/uploads\/2024\/02\/Foto-3-736x1024.jpg 736w, https:\/\/lk.regionalnidobrovolnickecentrum.cz\/subdom\/lk\/wp-content\/uploads\/2024\/02\/Foto-3-768x1069.jpg 768w, https:\/\/lk.regionalnidobrovolnickecentrum.cz\/subdom\/lk\/wp-content\/uploads\/2024\/02\/Foto-3-1104x1536.jpg 1104w, https:\/\/lk.regionalnidobrovolnickecentrum.cz\/subdom\/lk\/wp-content\/uploads\/2024\/02\/Foto-3.jpg 1150w\" sizes=\"(max-width: 216px) 100vw, 216px\" \/><\/a><\/p>\n"},"caption":{"rendered":""},"alt_text":"","media_type":"image","mime_type":"image\/jpeg","media_details":{"width":1150,"height":1600,"file":"2024\/02\/Foto-3.jpg","filesize":239637,"sizes":{"medium":{"file":"Foto-3-216x300.jpg","width":216,"height":300,"filesize":12990,"mime_type":"image\/jpeg","source_url":"https:\/\/lk.regionalnidobrovolnickecentrum.cz\/subdom\/lk\/wp-content\/uploads\/2024\/02\/Foto-3-216x300.jpg"},"large":{"file":"Foto-3-736x1024.jpg","width":736,"height":1024,"filesize":80212,"mime_type":"image\/jpeg","source_url":"https:\/\/lk.regionalnidobrovolnickecentrum.cz\/subdom\/lk\/wp-content\/uploads\/2024\/02\/Foto-3-736x1024.jpg"},"thumbnail":{"file":"Foto-3-150x150.jpg","width":150,"height":150,"filesize":6119,"mime_type":"image\/jpeg","source_url":"https:\/\/lk.regionalnidobrovolnickecentrum.cz\/subdom\/lk\/wp-content\/uploads\/2024\/02\/Foto-3-150x150.jpg"},"medium_large":{"file":"Foto-3-768x1069.jpg","width":768,"height":1069,"filesize":85661,"mime_type":"image\/jpeg","source_url":"https:\/\/lk.regionalnidobrovolnickecentrum.cz\/subdom\/lk\/wp-content\/uploads\/2024\/02\/Foto-3-768x1069.jpg"},"1536x1536":{"file":"Foto-3-1104x1536.jpg","width":1104,"height":1536,"filesize":147789,"mime_type":"image\/jpeg","source_url":"https:\/\/lk.regionalnidobrovolnickecentrum.cz\/subdom\/lk\/wp-content\/uploads\/2024\/02\/Foto-3-1104x1536.jpg"},"colormag-highlighted-post":{"file":"Foto-3-392x272.jpg","width":392,"height":272,"filesize":19739,"mime_type":"image\/jpeg","source_url":"https:\/\/lk.regionalnidobrovolnickecentrum.cz\/subdom\/lk\/wp-content\/uploads\/2024\/02\/Foto-3-392x272.jpg"},"colormag-featured-post-medium":{"file":"Foto-3-390x205.jpg","width":390,"height":205,"filesize":15007,"mime_type":"image\/jpeg","source_url":"https:\/\/lk.regionalnidobrovolnickecentrum.cz\/subdom\/lk\/wp-content\/uploads\/2024\/02\/Foto-3-390x205.jpg"},"colormag-featured-post-small":{"file":"Foto-3-130x90.jpg","width":130,"height":90,"filesize":4044,"mime_type":"image\/jpeg","source_url":"https:\/\/lk.regionalnidobrovolnickecentrum.cz\/subdom\/lk\/wp-content\/uploads\/2024\/02\/Foto-3-130x90.jpg"},"colormag-featured-image":{"file":"Foto-3-800x445.jpg","width":800,"height":445,"filesize":45958,"mime_type":"image\/jpeg","source_url":"https:\/\/lk.regionalnidobrovolnickecentrum.cz\/subdom\/lk\/wp-content\/uploads\/2024\/02\/Foto-3-800x445.jpg"},"colormag-default-news":{"file":"Foto-3-150x150.jpg","width":150,"height":150,"filesize":6119,"mime_type":"image\/jpeg","source_url":"https:\/\/lk.regionalnidobrovolnickecentrum.cz\/subdom\/lk\/wp-content\/uploads\/2024\/02\/Foto-3-150x150.jpg"},"colormag-featured-image-large":{"file":"Foto-3-1150x600.jpg","width":1150,"height":600,"filesize":79886,"mime_type":"image\/jpeg","source_url":"https:\/\/lk.regionalnidobrovolnickecentrum.cz\/subdom\/lk\/wp-content\/uploads\/2024\/02\/Foto-3-1150x600.jpg"},"full":{"file":"Foto-3.jpg","width":1150,"height":1600,"mime_type":"image\/jpeg","source_url":"https:\/\/lk.regionalnidobrovolnickecentrum.cz\/subdom\/lk\/wp-content\/uploads\/2024\/02\/Foto-3.jpg"}},"image_meta":{"aperture":"0","credit":"","camera":"","caption":"","created_timestamp":"0","copyright":"","focal_length":"0","iso":"0","shutter_speed":"0","title":"","orientation":"1","keywords":[]}},"post":3301,"source_url":"https:\/\/lk.regionalnidobrovolnickecentrum.cz\/subdom\/lk\/wp-content\/uploads\/2024\/02\/Foto-3.jpg","_links":{"self":[{"href":"https:\/\/lk.regionalnidobrovolnickecentrum.cz\/subdom\/lk\/wp-json\/wp\/v2\/media\/3302"}],"collection":[{"href":"https:\/\/lk.regionalnidobrovolnickecentrum.cz\/subdom\/lk\/wp-json\/wp\/v2\/media"}],"about":[{"href":"https:\/\/lk.regionalnidobrovolnickecentrum.cz\/subdom\/lk\/wp-json\/wp\/v2\/types\/attachment"}],"author":[{"embeddable":true,"href":"https:\/\/lk.regionalnidobrovolnickecentrum.cz\/subdom\/lk\/wp-json\/wp\/v2\/users\/20"}],"replies":[{"embeddable":true,"href":"https:\/\/lk.regionalnidobrovolnickecentrum.cz\/subdom\/lk\/wp-json\/wp\/v2\/comments?post=3302"}]}}

Trpaslíci vazební věznice Liberec
