{"id":3304,"date":"2024-02-05T09:34:44","date_gmt":"2024-02-05T08:34:44","guid":{"rendered":"https:\/\/lk.regionalnidobrovolnickecentrum.cz\/subdom\/lk\/wp-content\/uploads\/2024\/02\/Foto-1.jpg"},"modified":"2024-02-05T09:36:54","modified_gmt":"2024-02-05T08:36:54","slug":"foto-1-2","status":"inherit","type":"attachment","link":"https:\/\/lk.regionalnidobrovolnickecentrum.cz\/subdom\/lk\/odsouzeni-vyrabeli-skritky-pro-charitu\/foto-1-2\/","title":{"rendered":"Trpasl\u00edci vazebn\u00ed v\u011bznice Liberec"},"author":20,"comment_status":"closed","ping_status":"closed","template":"","meta":{"om_disable_all_campaigns":false,"_monsterinsights_skip_tracking":false,"_monsterinsights_sitenote_active":false,"_monsterinsights_sitenote_note":"","_monsterinsights_sitenote_category":0},"aioseo_notices":[],"description":{"rendered":"<p class=\"attachment\"><a href='https:\/\/lk.regionalnidobrovolnickecentrum.cz\/subdom\/lk\/wp-content\/uploads\/2024\/02\/Foto-1.jpg'><img loading=\"lazy\" decoding=\"async\" width=\"300\" height=\"123\" src=\"https:\/\/lk.regionalnidobrovolnickecentrum.cz\/subdom\/lk\/wp-content\/uploads\/2024\/02\/Foto-1-300x123.jpg\" class=\"attachment-medium size-medium\" alt=\"\" srcset=\"https:\/\/lk.regionalnidobrovolnickecentrum.cz\/subdom\/lk\/wp-content\/uploads\/2024\/02\/Foto-1-300x123.jpg 300w, https:\/\/lk.regionalnidobrovolnickecentrum.cz\/subdom\/lk\/wp-content\/uploads\/2024\/02\/Foto-1-1024x421.jpg 1024w, https:\/\/lk.regionalnidobrovolnickecentrum.cz\/subdom\/lk\/wp-content\/uploads\/2024\/02\/Foto-1-768x316.jpg 768w, https:\/\/lk.regionalnidobrovolnickecentrum.cz\/subdom\/lk\/wp-content\/uploads\/2024\/02\/Foto-1-1536x632.jpg 1536w, https:\/\/lk.regionalnidobrovolnickecentrum.cz\/subdom\/lk\/wp-content\/uploads\/2024\/02\/Foto-1.jpg 1600w\" sizes=\"(max-width: 300px) 100vw, 300px\" \/><\/a><\/p>\n"},"caption":{"rendered":""},"alt_text":"","media_type":"image","mime_type":"image\/jpeg","media_details":{"width":1600,"height":658,"file":"2024\/02\/Foto-1.jpg","filesize":236406,"sizes":{"medium":{"file":"Foto-1-300x123.jpg","width":300,"height":123,"filesize":9890,"mime_type":"image\/jpeg","source_url":"https:\/\/lk.regionalnidobrovolnickecentrum.cz\/subdom\/lk\/wp-content\/uploads\/2024\/02\/Foto-1-300x123.jpg"},"large":{"file":"Foto-1-1024x421.jpg","width":1024,"height":421,"filesize":72710,"mime_type":"image\/jpeg","source_url":"https:\/\/lk.regionalnidobrovolnickecentrum.cz\/subdom\/lk\/wp-content\/uploads\/2024\/02\/Foto-1-1024x421.jpg"},"thumbnail":{"file":"Foto-1-150x150.jpg","width":150,"height":150,"filesize":6149,"mime_type":"image\/jpeg","source_url":"https:\/\/lk.regionalnidobrovolnickecentrum.cz\/subdom\/lk\/wp-content\/uploads\/2024\/02\/Foto-1-150x150.jpg"},"medium_large":{"file":"Foto-1-768x316.jpg","width":768,"height":316,"filesize":45999,"mime_type":"image\/jpeg","source_url":"https:\/\/lk.regionalnidobrovolnickecentrum.cz\/subdom\/lk\/wp-content\/uploads\/2024\/02\/Foto-1-768x316.jpg"},"1536x1536":{"file":"Foto-1-1536x632.jpg","width":1536,"height":632,"filesize":137335,"mime_type":"image\/jpeg","source_url":"https:\/\/lk.regionalnidobrovolnickecentrum.cz\/subdom\/lk\/wp-content\/uploads\/2024\/02\/Foto-1-1536x632.jpg"},"colormag-highlighted-post":{"file":"Foto-1-392x272.jpg","width":392,"height":272,"filesize":23043,"mime_type":"image\/jpeg","source_url":"https:\/\/lk.regionalnidobrovolnickecentrum.cz\/subdom\/lk\/wp-content\/uploads\/2024\/02\/Foto-1-392x272.jpg"},"colormag-featured-post-medium":{"file":"Foto-1-390x205.jpg","width":390,"height":205,"filesize":19028,"mime_type":"image\/jpeg","source_url":"https:\/\/lk.regionalnidobrovolnickecentrum.cz\/subdom\/lk\/wp-content\/uploads\/2024\/02\/Foto-1-390x205.jpg"},"colormag-featured-post-small":{"file":"Foto-1-130x90.jpg","width":130,"height":90,"filesize":3983,"mime_type":"image\/jpeg","source_url":"https:\/\/lk.regionalnidobrovolnickecentrum.cz\/subdom\/lk\/wp-content\/uploads\/2024\/02\/Foto-1-130x90.jpg"},"colormag-featured-image":{"file":"Foto-1-800x445.jpg","width":800,"height":445,"filesize":63219,"mime_type":"image\/jpeg","source_url":"https:\/\/lk.regionalnidobrovolnickecentrum.cz\/subdom\/lk\/wp-content\/uploads\/2024\/02\/Foto-1-800x445.jpg"},"colormag-default-news":{"file":"Foto-1-150x150.jpg","width":150,"height":150,"filesize":6149,"mime_type":"image\/jpeg","source_url":"https:\/\/lk.regionalnidobrovolnickecentrum.cz\/subdom\/lk\/wp-content\/uploads\/2024\/02\/Foto-1-150x150.jpg"},"colormag-featured-image-large":{"file":"Foto-1-1400x600.jpg","width":1400,"height":600,"filesize":122922,"mime_type":"image\/jpeg","source_url":"https:\/\/lk.regionalnidobrovolnickecentrum.cz\/subdom\/lk\/wp-content\/uploads\/2024\/02\/Foto-1-1400x600.jpg"},"full":{"file":"Foto-1.jpg","width":1600,"height":658,"mime_type":"image\/jpeg","source_url":"https:\/\/lk.regionalnidobrovolnickecentrum.cz\/subdom\/lk\/wp-content\/uploads\/2024\/02\/Foto-1.jpg"}},"image_meta":{"aperture":"0","credit":"","camera":"","caption":"","created_timestamp":"0","copyright":"","focal_length":"0","iso":"0","shutter_speed":"0","title":"","orientation":"1","keywords":[]}},"post":3301,"source_url":"https:\/\/lk.regionalnidobrovolnickecentrum.cz\/subdom\/lk\/wp-content\/uploads\/2024\/02\/Foto-1.jpg","_links":{"self":[{"href":"https:\/\/lk.regionalnidobrovolnickecentrum.cz\/subdom\/lk\/wp-json\/wp\/v2\/media\/3304"}],"collection":[{"href":"https:\/\/lk.regionalnidobrovolnickecentrum.cz\/subdom\/lk\/wp-json\/wp\/v2\/media"}],"about":[{"href":"https:\/\/lk.regionalnidobrovolnickecentrum.cz\/subdom\/lk\/wp-json\/wp\/v2\/types\/attachment"}],"author":[{"embeddable":true,"href":"https:\/\/lk.regionalnidobrovolnickecentrum.cz\/subdom\/lk\/wp-json\/wp\/v2\/users\/20"}],"replies":[{"embeddable":true,"href":"https:\/\/lk.regionalnidobrovolnickecentrum.cz\/subdom\/lk\/wp-json\/wp\/v2\/comments?post=3304"}]}}

Trpaslíci vazební věznice Liberec
