{"id":3306,"date":"2024-02-05T09:35:23","date_gmt":"2024-02-05T08:35:23","guid":{"rendered":"https:\/\/lk.regionalnidobrovolnickecentrum.cz\/subdom\/lk\/wp-content\/uploads\/2024\/02\/Foto-6-1.jpg"},"modified":"2024-02-05T09:35:54","modified_gmt":"2024-02-05T08:35:54","slug":"foto-6-2","status":"inherit","type":"attachment","link":"https:\/\/lk.regionalnidobrovolnickecentrum.cz\/subdom\/lk\/odsouzeni-vyrabeli-skritky-pro-charitu\/foto-6-2\/","title":{"rendered":"Trpasl\u00edci vazebn\u00ed v\u011bznice Liberec"},"author":20,"comment_status":"closed","ping_status":"closed","template":"","meta":{"om_disable_all_campaigns":false,"_monsterinsights_skip_tracking":false,"_monsterinsights_sitenote_active":false,"_monsterinsights_sitenote_note":"","_monsterinsights_sitenote_category":0},"aioseo_notices":[],"description":{"rendered":"<p class=\"attachment\"><a href='https:\/\/lk.regionalnidobrovolnickecentrum.cz\/subdom\/lk\/wp-content\/uploads\/2024\/02\/Foto-6-1.jpg'><img loading=\"lazy\" decoding=\"async\" width=\"300\" height=\"224\" src=\"https:\/\/lk.regionalnidobrovolnickecentrum.cz\/subdom\/lk\/wp-content\/uploads\/2024\/02\/Foto-6-1-300x224.jpg\" class=\"attachment-medium size-medium\" alt=\"\" srcset=\"https:\/\/lk.regionalnidobrovolnickecentrum.cz\/subdom\/lk\/wp-content\/uploads\/2024\/02\/Foto-6-1-300x224.jpg 300w, https:\/\/lk.regionalnidobrovolnickecentrum.cz\/subdom\/lk\/wp-content\/uploads\/2024\/02\/Foto-6-1-1024x766.jpg 1024w, https:\/\/lk.regionalnidobrovolnickecentrum.cz\/subdom\/lk\/wp-content\/uploads\/2024\/02\/Foto-6-1-768x574.jpg 768w, https:\/\/lk.regionalnidobrovolnickecentrum.cz\/subdom\/lk\/wp-content\/uploads\/2024\/02\/Foto-6-1-1536x1149.jpg 1536w, https:\/\/lk.regionalnidobrovolnickecentrum.cz\/subdom\/lk\/wp-content\/uploads\/2024\/02\/Foto-6-1.jpg 2000w\" sizes=\"(max-width: 300px) 100vw, 300px\" \/><\/a><\/p>\n"},"caption":{"rendered":""},"alt_text":"","media_type":"image","mime_type":"image\/jpeg","media_details":{"width":2000,"height":1496,"file":"2024\/02\/Foto-6-1.jpg","filesize":349617,"sizes":{"medium":{"file":"Foto-6-1-300x224.jpg","width":300,"height":224,"filesize":16626,"mime_type":"image\/jpeg","source_url":"https:\/\/lk.regionalnidobrovolnickecentrum.cz\/subdom\/lk\/wp-content\/uploads\/2024\/02\/Foto-6-1-300x224.jpg"},"large":{"file":"Foto-6-1-1024x766.jpg","width":1024,"height":766,"filesize":105164,"mime_type":"image\/jpeg","source_url":"https:\/\/lk.regionalnidobrovolnickecentrum.cz\/subdom\/lk\/wp-content\/uploads\/2024\/02\/Foto-6-1-1024x766.jpg"},"thumbnail":{"file":"Foto-6-1-150x150.jpg","width":150,"height":150,"filesize":6767,"mime_type":"image\/jpeg","source_url":"https:\/\/lk.regionalnidobrovolnickecentrum.cz\/subdom\/lk\/wp-content\/uploads\/2024\/02\/Foto-6-1-150x150.jpg"},"medium_large":{"file":"Foto-6-1-768x574.jpg","width":768,"height":574,"filesize":68556,"mime_type":"image\/jpeg","source_url":"https:\/\/lk.regionalnidobrovolnickecentrum.cz\/subdom\/lk\/wp-content\/uploads\/2024\/02\/Foto-6-1-768x574.jpg"},"1536x1536":{"file":"Foto-6-1-1536x1149.jpg","width":1536,"height":1149,"filesize":193963,"mime_type":"image\/jpeg","source_url":"https:\/\/lk.regionalnidobrovolnickecentrum.cz\/subdom\/lk\/wp-content\/uploads\/2024\/02\/Foto-6-1-1536x1149.jpg"},"colormag-highlighted-post":{"file":"Foto-6-1-392x272.jpg","width":392,"height":272,"filesize":24112,"mime_type":"image\/jpeg","source_url":"https:\/\/lk.regionalnidobrovolnickecentrum.cz\/subdom\/lk\/wp-content\/uploads\/2024\/02\/Foto-6-1-392x272.jpg"},"colormag-featured-post-medium":{"file":"Foto-6-1-390x205.jpg","width":390,"height":205,"filesize":20439,"mime_type":"image\/jpeg","source_url":"https:\/\/lk.regionalnidobrovolnickecentrum.cz\/subdom\/lk\/wp-content\/uploads\/2024\/02\/Foto-6-1-390x205.jpg"},"colormag-featured-post-small":{"file":"Foto-6-1-130x90.jpg","width":130,"height":90,"filesize":4405,"mime_type":"image\/jpeg","source_url":"https:\/\/lk.regionalnidobrovolnickecentrum.cz\/subdom\/lk\/wp-content\/uploads\/2024\/02\/Foto-6-1-130x90.jpg"},"colormag-featured-image":{"file":"Foto-6-1-800x445.jpg","width":800,"height":445,"filesize":61254,"mime_type":"image\/jpeg","source_url":"https:\/\/lk.regionalnidobrovolnickecentrum.cz\/subdom\/lk\/wp-content\/uploads\/2024\/02\/Foto-6-1-800x445.jpg"},"colormag-default-news":{"file":"Foto-6-1-150x150.jpg","width":150,"height":150,"filesize":6767,"mime_type":"image\/jpeg","source_url":"https:\/\/lk.regionalnidobrovolnickecentrum.cz\/subdom\/lk\/wp-content\/uploads\/2024\/02\/Foto-6-1-150x150.jpg"},"colormag-featured-image-large":{"file":"Foto-6-1-1400x600.jpg","width":1400,"height":600,"filesize":113878,"mime_type":"image\/jpeg","source_url":"https:\/\/lk.regionalnidobrovolnickecentrum.cz\/subdom\/lk\/wp-content\/uploads\/2024\/02\/Foto-6-1-1400x600.jpg"},"full":{"file":"Foto-6-1.jpg","width":2000,"height":1496,"mime_type":"image\/jpeg","source_url":"https:\/\/lk.regionalnidobrovolnickecentrum.cz\/subdom\/lk\/wp-content\/uploads\/2024\/02\/Foto-6-1.jpg"}},"image_meta":{"aperture":"0","credit":"","camera":"","caption":"","created_timestamp":"0","copyright":"","focal_length":"0","iso":"0","shutter_speed":"0","title":"","orientation":"1","keywords":[]}},"post":3301,"source_url":"https:\/\/lk.regionalnidobrovolnickecentrum.cz\/subdom\/lk\/wp-content\/uploads\/2024\/02\/Foto-6-1.jpg","_links":{"self":[{"href":"https:\/\/lk.regionalnidobrovolnickecentrum.cz\/subdom\/lk\/wp-json\/wp\/v2\/media\/3306"}],"collection":[{"href":"https:\/\/lk.regionalnidobrovolnickecentrum.cz\/subdom\/lk\/wp-json\/wp\/v2\/media"}],"about":[{"href":"https:\/\/lk.regionalnidobrovolnickecentrum.cz\/subdom\/lk\/wp-json\/wp\/v2\/types\/attachment"}],"author":[{"embeddable":true,"href":"https:\/\/lk.regionalnidobrovolnickecentrum.cz\/subdom\/lk\/wp-json\/wp\/v2\/users\/20"}],"replies":[{"embeddable":true,"href":"https:\/\/lk.regionalnidobrovolnickecentrum.cz\/subdom\/lk\/wp-json\/wp\/v2\/comments?post=3306"}]}}

Trpaslíci vazební věznice Liberec
