{"id":3407,"date":"2024-05-07T16:01:39","date_gmt":"2024-05-07T14:01:39","guid":{"rendered":"https:\/\/lk.regionalnidobrovolnickecentrum.cz\/subdom\/lk\/wp-content\/uploads\/2024\/05\/2024.05.01.Posledni-prani-042.jpg"},"modified":"2024-05-07T16:02:01","modified_gmt":"2024-05-07T14:02:01","slug":"2024-05-01-posledni-prani-042","status":"inherit","type":"attachment","link":"https:\/\/lk.regionalnidobrovolnickecentrum.cz\/subdom\/lk\/sanitka-prani-pro-pana-vaska\/2024-05-01-posledni-prani-042\/","title":{"rendered":"Sanitka p\u0159\u00e1n\u00ed"},"author":20,"comment_status":"closed","ping_status":"closed","template":"","meta":{"om_disable_all_campaigns":false,"_monsterinsights_skip_tracking":false,"_monsterinsights_sitenote_active":false,"_monsterinsights_sitenote_note":"","_monsterinsights_sitenote_category":0},"aioseo_notices":[],"description":{"rendered":"<p class=\"attachment\"><a href='https:\/\/lk.regionalnidobrovolnickecentrum.cz\/subdom\/lk\/wp-content\/uploads\/2024\/05\/2024.05.01.Posledni-prani-042.jpg'><img loading=\"lazy\" decoding=\"async\" width=\"236\" height=\"300\" src=\"https:\/\/lk.regionalnidobrovolnickecentrum.cz\/subdom\/lk\/wp-content\/uploads\/2024\/05\/2024.05.01.Posledni-prani-042-236x300.jpg\" class=\"attachment-medium size-medium\" alt=\"\" srcset=\"https:\/\/lk.regionalnidobrovolnickecentrum.cz\/subdom\/lk\/wp-content\/uploads\/2024\/05\/2024.05.01.Posledni-prani-042-236x300.jpg 236w, https:\/\/lk.regionalnidobrovolnickecentrum.cz\/subdom\/lk\/wp-content\/uploads\/2024\/05\/2024.05.01.Posledni-prani-042-806x1024.jpg 806w, https:\/\/lk.regionalnidobrovolnickecentrum.cz\/subdom\/lk\/wp-content\/uploads\/2024\/05\/2024.05.01.Posledni-prani-042-768x975.jpg 768w, https:\/\/lk.regionalnidobrovolnickecentrum.cz\/subdom\/lk\/wp-content\/uploads\/2024\/05\/2024.05.01.Posledni-prani-042.jpg 1089w\" sizes=\"(max-width: 236px) 100vw, 236px\" \/><\/a><\/p>\n"},"caption":{"rendered":""},"alt_text":"","media_type":"image","mime_type":"image\/jpeg","media_details":{"width":1089,"height":1383,"file":"2024\/05\/2024.05.01.Posledni-prani-042.jpg","filesize":623678,"sizes":{"medium":{"file":"2024.05.01.Posledni-prani-042-236x300.jpg","width":236,"height":300,"filesize":44742,"mime_type":"image\/jpeg","source_url":"https:\/\/lk.regionalnidobrovolnickecentrum.cz\/subdom\/lk\/wp-content\/uploads\/2024\/05\/2024.05.01.Posledni-prani-042-236x300.jpg"},"large":{"file":"2024.05.01.Posledni-prani-042-806x1024.jpg","width":806,"height":1024,"filesize":195096,"mime_type":"image\/jpeg","source_url":"https:\/\/lk.regionalnidobrovolnickecentrum.cz\/subdom\/lk\/wp-content\/uploads\/2024\/05\/2024.05.01.Posledni-prani-042-806x1024.jpg"},"thumbnail":{"file":"2024.05.01.Posledni-prani-042-150x150.jpg","width":150,"height":150,"filesize":30456,"mime_type":"image\/jpeg","source_url":"https:\/\/lk.regionalnidobrovolnickecentrum.cz\/subdom\/lk\/wp-content\/uploads\/2024\/05\/2024.05.01.Posledni-prani-042-150x150.jpg"},"medium_large":{"file":"2024.05.01.Posledni-prani-042-768x975.jpg","width":768,"height":975,"filesize":181507,"mime_type":"image\/jpeg","source_url":"https:\/\/lk.regionalnidobrovolnickecentrum.cz\/subdom\/lk\/wp-content\/uploads\/2024\/05\/2024.05.01.Posledni-prani-042-768x975.jpg"},"colormag-highlighted-post":{"file":"2024.05.01.Posledni-prani-042-392x272.jpg","width":392,"height":272,"filesize":54384,"mime_type":"image\/jpeg","source_url":"https:\/\/lk.regionalnidobrovolnickecentrum.cz\/subdom\/lk\/wp-content\/uploads\/2024\/05\/2024.05.01.Posledni-prani-042-392x272.jpg"},"colormag-featured-post-medium":{"file":"2024.05.01.Posledni-prani-042-390x205.jpg","width":390,"height":205,"filesize":47434,"mime_type":"image\/jpeg","source_url":"https:\/\/lk.regionalnidobrovolnickecentrum.cz\/subdom\/lk\/wp-content\/uploads\/2024\/05\/2024.05.01.Posledni-prani-042-390x205.jpg"},"colormag-featured-post-small":{"file":"2024.05.01.Posledni-prani-042-130x90.jpg","width":130,"height":90,"filesize":27150,"mime_type":"image\/jpeg","source_url":"https:\/\/lk.regionalnidobrovolnickecentrum.cz\/subdom\/lk\/wp-content\/uploads\/2024\/05\/2024.05.01.Posledni-prani-042-130x90.jpg"},"colormag-featured-image":{"file":"2024.05.01.Posledni-prani-042-800x445.jpg","width":800,"height":445,"filesize":107876,"mime_type":"image\/jpeg","source_url":"https:\/\/lk.regionalnidobrovolnickecentrum.cz\/subdom\/lk\/wp-content\/uploads\/2024\/05\/2024.05.01.Posledni-prani-042-800x445.jpg"},"colormag-default-news":{"file":"2024.05.01.Posledni-prani-042-150x150.jpg","width":150,"height":150,"filesize":30456,"mime_type":"image\/jpeg","source_url":"https:\/\/lk.regionalnidobrovolnickecentrum.cz\/subdom\/lk\/wp-content\/uploads\/2024\/05\/2024.05.01.Posledni-prani-042-150x150.jpg"},"colormag-featured-image-large":{"file":"2024.05.01.Posledni-prani-042-1089x600.jpg","width":1089,"height":600,"filesize":176543,"mime_type":"image\/jpeg","source_url":"https:\/\/lk.regionalnidobrovolnickecentrum.cz\/subdom\/lk\/wp-content\/uploads\/2024\/05\/2024.05.01.Posledni-prani-042-1089x600.jpg"},"full":{"file":"2024.05.01.Posledni-prani-042.jpg","width":1089,"height":1383,"mime_type":"image\/jpeg","source_url":"https:\/\/lk.regionalnidobrovolnickecentrum.cz\/subdom\/lk\/wp-content\/uploads\/2024\/05\/2024.05.01.Posledni-prani-042.jpg"}},"image_meta":{"aperture":"1.4","credit":"","camera":"ILCE-6000","caption":"","created_timestamp":"1714562538","copyright":"","focal_length":"16","iso":"100","shutter_speed":"0.00025","title":"","orientation":"1","keywords":[]}},"post":3406,"source_url":"https:\/\/lk.regionalnidobrovolnickecentrum.cz\/subdom\/lk\/wp-content\/uploads\/2024\/05\/2024.05.01.Posledni-prani-042.jpg","_links":{"self":[{"href":"https:\/\/lk.regionalnidobrovolnickecentrum.cz\/subdom\/lk\/wp-json\/wp\/v2\/media\/3407"}],"collection":[{"href":"https:\/\/lk.regionalnidobrovolnickecentrum.cz\/subdom\/lk\/wp-json\/wp\/v2\/media"}],"about":[{"href":"https:\/\/lk.regionalnidobrovolnickecentrum.cz\/subdom\/lk\/wp-json\/wp\/v2\/types\/attachment"}],"author":[{"embeddable":true,"href":"https:\/\/lk.regionalnidobrovolnickecentrum.cz\/subdom\/lk\/wp-json\/wp\/v2\/users\/20"}],"replies":[{"embeddable":true,"href":"https:\/\/lk.regionalnidobrovolnickecentrum.cz\/subdom\/lk\/wp-json\/wp\/v2\/comments?post=3407"}]}}

Sanitka přání
