{"id":3409,"date":"2024-05-07T16:01:48","date_gmt":"2024-05-07T14:01:48","guid":{"rendered":"https:\/\/lk.regionalnidobrovolnickecentrum.cz\/subdom\/lk\/wp-content\/uploads\/2024\/05\/2024.05.01.Posledni-prani-035.jpg"},"modified":"2024-05-07T16:02:09","modified_gmt":"2024-05-07T14:02:09","slug":"2024-05-01-posledni-prani-035","status":"inherit","type":"attachment","link":"https:\/\/lk.regionalnidobrovolnickecentrum.cz\/subdom\/lk\/sanitka-prani-pro-pana-vaska\/2024-05-01-posledni-prani-035\/","title":{"rendered":"Sanitka p\u0159\u00e1n\u00ed"},"author":20,"comment_status":"closed","ping_status":"closed","template":"","meta":{"om_disable_all_campaigns":false,"_monsterinsights_skip_tracking":false,"_monsterinsights_sitenote_active":false,"_monsterinsights_sitenote_note":"","_monsterinsights_sitenote_category":0},"aioseo_notices":[],"description":{"rendered":"<p class=\"attachment\"><a href='https:\/\/lk.regionalnidobrovolnickecentrum.cz\/subdom\/lk\/wp-content\/uploads\/2024\/05\/2024.05.01.Posledni-prani-035.jpg'><img loading=\"lazy\" decoding=\"async\" width=\"212\" height=\"300\" src=\"https:\/\/lk.regionalnidobrovolnickecentrum.cz\/subdom\/lk\/wp-content\/uploads\/2024\/05\/2024.05.01.Posledni-prani-035-212x300.jpg\" class=\"attachment-medium size-medium\" alt=\"\" srcset=\"https:\/\/lk.regionalnidobrovolnickecentrum.cz\/subdom\/lk\/wp-content\/uploads\/2024\/05\/2024.05.01.Posledni-prani-035-212x300.jpg 212w, https:\/\/lk.regionalnidobrovolnickecentrum.cz\/subdom\/lk\/wp-content\/uploads\/2024\/05\/2024.05.01.Posledni-prani-035-725x1024.jpg 725w, https:\/\/lk.regionalnidobrovolnickecentrum.cz\/subdom\/lk\/wp-content\/uploads\/2024\/05\/2024.05.01.Posledni-prani-035-768x1085.jpg 768w, https:\/\/lk.regionalnidobrovolnickecentrum.cz\/subdom\/lk\/wp-content\/uploads\/2024\/05\/2024.05.01.Posledni-prani-035-1087x1536.jpg 1087w, https:\/\/lk.regionalnidobrovolnickecentrum.cz\/subdom\/lk\/wp-content\/uploads\/2024\/05\/2024.05.01.Posledni-prani-035.jpg 1137w\" sizes=\"(max-width: 212px) 100vw, 212px\" \/><\/a><\/p>\n"},"caption":{"rendered":""},"alt_text":"","media_type":"image","mime_type":"image\/jpeg","media_details":{"width":1137,"height":1606,"file":"2024\/05\/2024.05.01.Posledni-prani-035.jpg","filesize":873808,"sizes":{"medium":{"file":"2024.05.01.Posledni-prani-035-212x300.jpg","width":212,"height":300,"filesize":44010,"mime_type":"image\/jpeg","source_url":"https:\/\/lk.regionalnidobrovolnickecentrum.cz\/subdom\/lk\/wp-content\/uploads\/2024\/05\/2024.05.01.Posledni-prani-035-212x300.jpg"},"large":{"file":"2024.05.01.Posledni-prani-035-725x1024.jpg","width":725,"height":1024,"filesize":208170,"mime_type":"image\/jpeg","source_url":"https:\/\/lk.regionalnidobrovolnickecentrum.cz\/subdom\/lk\/wp-content\/uploads\/2024\/05\/2024.05.01.Posledni-prani-035-725x1024.jpg"},"thumbnail":{"file":"2024.05.01.Posledni-prani-035-150x150.jpg","width":150,"height":150,"filesize":31554,"mime_type":"image\/jpeg","source_url":"https:\/\/lk.regionalnidobrovolnickecentrum.cz\/subdom\/lk\/wp-content\/uploads\/2024\/05\/2024.05.01.Posledni-prani-035-150x150.jpg"},"medium_large":{"file":"2024.05.01.Posledni-prani-035-768x1085.jpg","width":768,"height":1085,"filesize":227093,"mime_type":"image\/jpeg","source_url":"https:\/\/lk.regionalnidobrovolnickecentrum.cz\/subdom\/lk\/wp-content\/uploads\/2024\/05\/2024.05.01.Posledni-prani-035-768x1085.jpg"},"1536x1536":{"file":"2024.05.01.Posledni-prani-035-1087x1536.jpg","width":1087,"height":1536,"filesize":389792,"mime_type":"image\/jpeg","source_url":"https:\/\/lk.regionalnidobrovolnickecentrum.cz\/subdom\/lk\/wp-content\/uploads\/2024\/05\/2024.05.01.Posledni-prani-035-1087x1536.jpg"},"colormag-highlighted-post":{"file":"2024.05.01.Posledni-prani-035-392x272.jpg","width":392,"height":272,"filesize":55905,"mime_type":"image\/jpeg","source_url":"https:\/\/lk.regionalnidobrovolnickecentrum.cz\/subdom\/lk\/wp-content\/uploads\/2024\/05\/2024.05.01.Posledni-prani-035-392x272.jpg"},"colormag-featured-post-medium":{"file":"2024.05.01.Posledni-prani-035-390x205.jpg","width":390,"height":205,"filesize":49676,"mime_type":"image\/jpeg","source_url":"https:\/\/lk.regionalnidobrovolnickecentrum.cz\/subdom\/lk\/wp-content\/uploads\/2024\/05\/2024.05.01.Posledni-prani-035-390x205.jpg"},"colormag-featured-post-small":{"file":"2024.05.01.Posledni-prani-035-130x90.jpg","width":130,"height":90,"filesize":28191,"mime_type":"image\/jpeg","source_url":"https:\/\/lk.regionalnidobrovolnickecentrum.cz\/subdom\/lk\/wp-content\/uploads\/2024\/05\/2024.05.01.Posledni-prani-035-130x90.jpg"},"colormag-featured-image":{"file":"2024.05.01.Posledni-prani-035-800x445.jpg","width":800,"height":445,"filesize":122291,"mime_type":"image\/jpeg","source_url":"https:\/\/lk.regionalnidobrovolnickecentrum.cz\/subdom\/lk\/wp-content\/uploads\/2024\/05\/2024.05.01.Posledni-prani-035-800x445.jpg"},"colormag-default-news":{"file":"2024.05.01.Posledni-prani-035-150x150.jpg","width":150,"height":150,"filesize":31554,"mime_type":"image\/jpeg","source_url":"https:\/\/lk.regionalnidobrovolnickecentrum.cz\/subdom\/lk\/wp-content\/uploads\/2024\/05\/2024.05.01.Posledni-prani-035-150x150.jpg"},"colormag-featured-image-large":{"file":"2024.05.01.Posledni-prani-035-1137x600.jpg","width":1137,"height":600,"filesize":215383,"mime_type":"image\/jpeg","source_url":"https:\/\/lk.regionalnidobrovolnickecentrum.cz\/subdom\/lk\/wp-content\/uploads\/2024\/05\/2024.05.01.Posledni-prani-035-1137x600.jpg"},"full":{"file":"2024.05.01.Posledni-prani-035.jpg","width":1137,"height":1606,"mime_type":"image\/jpeg","source_url":"https:\/\/lk.regionalnidobrovolnickecentrum.cz\/subdom\/lk\/wp-content\/uploads\/2024\/05\/2024.05.01.Posledni-prani-035.jpg"}},"image_meta":{"aperture":"2.8","credit":"","camera":"ILCE-6000","caption":"","created_timestamp":"1714562275","copyright":"","focal_length":"16","iso":"250","shutter_speed":"0.016666666666667","title":"","orientation":"1","keywords":[]}},"post":3406,"source_url":"https:\/\/lk.regionalnidobrovolnickecentrum.cz\/subdom\/lk\/wp-content\/uploads\/2024\/05\/2024.05.01.Posledni-prani-035.jpg","_links":{"self":[{"href":"https:\/\/lk.regionalnidobrovolnickecentrum.cz\/subdom\/lk\/wp-json\/wp\/v2\/media\/3409"}],"collection":[{"href":"https:\/\/lk.regionalnidobrovolnickecentrum.cz\/subdom\/lk\/wp-json\/wp\/v2\/media"}],"about":[{"href":"https:\/\/lk.regionalnidobrovolnickecentrum.cz\/subdom\/lk\/wp-json\/wp\/v2\/types\/attachment"}],"author":[{"embeddable":true,"href":"https:\/\/lk.regionalnidobrovolnickecentrum.cz\/subdom\/lk\/wp-json\/wp\/v2\/users\/20"}],"replies":[{"embeddable":true,"href":"https:\/\/lk.regionalnidobrovolnickecentrum.cz\/subdom\/lk\/wp-json\/wp\/v2\/comments?post=3409"}]}}

Sanitka přání
