{"id":92,"date":"2020-05-17T17:27:15","date_gmt":"2020-05-17T15:27:15","guid":{"rendered":"https:\/\/lk.regionalnidobrovolnickecentrum.cz\/subdom\/lk\/?page_id=92"},"modified":"2026-02-03T18:06:36","modified_gmt":"2026-02-03T17:06:36","slug":"hledame-dobrovolniky","status":"publish","type":"page","link":"https:\/\/lk.regionalnidobrovolnickecentrum.cz\/subdom\/lk\/hledame-dobrovolniky\/","title":{"rendered":"Hled\u00e1te dobrovoln\u00edky?"},"content":{"rendered":"<p><strong>Hled\u00e1te do sv\u00e9 organizace dobrovoln\u00edky?<\/strong><\/p>\n<p>Jste soci\u00e1ln\u00ed, zdravotn\u00ed, kulturn\u00ed \u010di ekologickou organizac\u00ed? Jste skauti, dobrovoln\u00ed hasi\u010di nebo jin\u00fd typ organizace, kter\u00e1 vyu\u017e\u00edv\u00e1 \u010dinnost dobrovoln\u00edk\u016f?<\/p>\n<p><a href=\"https:\/\/lk.regionalnidobrovolnickecentrum.cz\/subdom\/lk\/kontakty\/\"><strong>Kontaktujte n\u00e1s<\/strong><\/a>, nebo jednodu\u0161e <strong>vypl\u0148te formul\u00e1\u0159<\/strong> n\u00ed\u017ee. Propoj\u00edme va\u0161i organizaci s dobrovoln\u00edky, kte\u0159\u00ed maj\u00ed z\u00e1jem pom\u00e1hat.<\/p>\n<p><strong>Nab\u00edz\u00edme tak\u00e9 <a href=\"https:\/\/lk.regionalnidobrovolnickecentrum.cz\/subdom\/lk\/poradna\/\">poradenstv\u00ed<\/a><\/strong> v oblasti dobrovolnictv\u00ed, nap\u0159\u00edklad:<\/p>\n<ul>\n<li>legislativn\u00ed \u00fapravy dobrovolnictv\u00ed,<\/li>\n<li>akredita\u010dn\u00ed \u0159\u00edzen\u00ed Ministerstva vnitra,<\/li>\n<li>dotace ministerstev pro oblasti dobrovolnictv\u00ed,<\/li>\n<li>zalo\u017een\u00ed nov\u00e9 dobrovolnick\u00e9 organizace nebo projektu<\/li>\n<\/ul>\n<p><strong>Nab\u00edz\u00edme \u0161kolen\u00ed dobrovoln\u00edk\u016f i koordin\u00e1tor\u016f<\/strong> dobrovoln\u00edk\u016f, nebo kontaktn\u00edch osob p\u0159ij\u00edmac\u00edch organizac\u00ed.<\/p>\n\n\n<p>&nbsp;<\/p>\n<p><a href=\"https:\/\/lk.regionalnidobrovolnickecentrum.cz\/all-listings\/\"><img loading=\"lazy\" decoding=\"async\" class=\"size-full wp-image-625 aligncenter\" src=\"https:\/\/lk.regionalnidobrovolnickecentrum.cz\/subdom\/lk\/wp-content\/uploads\/2020\/09\/databaze_7.jpg\" alt=\"\" width=\"900\" height=\"316\" srcset=\"https:\/\/lk.regionalnidobrovolnickecentrum.cz\/subdom\/lk\/wp-content\/uploads\/2020\/09\/databaze_7.jpg 900w, https:\/\/lk.regionalnidobrovolnickecentrum.cz\/subdom\/lk\/wp-content\/uploads\/2020\/09\/databaze_7-300x105.jpg 300w, https:\/\/lk.regionalnidobrovolnickecentrum.cz\/subdom\/lk\/wp-content\/uploads\/2020\/09\/databaze_7-768x270.jpg 768w\" sizes=\"(max-width: 900px) 100vw, 900px\" \/><\/a><\/p>\n<p>&nbsp;<\/p>\n<p><strong>Vypln\u011bn\u00edm formul\u00e1\u0159e <\/strong>n\u00ed\u017ee vlo\u017e\u00edte va\u0161i organizaci do <a href=\"https:\/\/lk.regionalnidobrovolnickecentrum.cz\/all-listings\/\">datab\u00e1ze dobrovolnick\u00fdch organizac\u00ed a program\u016f<\/a> Libereck\u00e9ho kraje.<\/p>\n<p>&nbsp;<\/p>\n<h3 style=\"text-align: left;\">\u00a0Vlo\u017ete Va\u0161i organizaci do datab\u00e1ze dobrovolnick\u00fdch organizac\u00ed Libereck\u00e9ho kraje<\/h3>\n<p>Pro vlo\u017een\u00ed n\u00e1s pros\u00edm kontaktujte.<\/p>\n<p>Vlo\u017een\u00e9 \u00fadaje zpracov\u00e1v\u00e1 <a href=\"https:\/\/lk.regionalnidobrovolnickecentrum.cz\/subdom\/lk\/o-nas\/\">Dobrovolnick\u00e9 centrum ADRA Liberec<\/a> (I\u010c 61388122, s\u00eddlem \u017delezn\u00e1 253\/20, 46001 Liberec 1).<\/p>\n<ul>\n<li>\u00dadaje budou vyu\u017eity v\u00fdhradn\u011b za \u00fa\u010delem organizace dobrovolnick\u00e9 pr\u00e1ce.<\/li>\n<li>\u00dadaje odeslan\u00e9 prost\u0159ednictv\u00edm formul\u00e1\u0159e budou nejprve zkontrolov\u00e1ny spr\u00e1vcem webu a teprve n\u00e1sledn\u011b zve\u0159ejn\u011bny.<\/li>\n<li>M\u00e1me z\u00e1jem zve\u0159ej\u0148ovat kvalitn\u00ed a spr\u00e1vn\u00e9 informace, proto si vyhrazujeme si mo\u017enost proveden\u00ed \u00faprav.<\/li>\n<\/ul>\n<p>&nbsp;<\/p>\n<p>&nbsp;<\/p>\n","protected":false},"excerpt":{"rendered":"<p>Hled\u00e1te do sv\u00e9 organizace dobrovoln\u00edky? Jste soci\u00e1ln\u00ed, zdravotn\u00ed, kulturn\u00ed \u010di ekologickou organizac\u00ed? Jste skauti, dobrovoln\u00ed hasi\u010di nebo jin\u00fd typ organizace,<\/p>\n","protected":false},"author":1,"featured_media":0,"parent":0,"menu_order":3,"comment_status":"closed","ping_status":"closed","template":"","meta":{"om_disable_all_campaigns":false,"_monsterinsights_skip_tracking":false,"_monsterinsights_sitenote_active":false,"_monsterinsights_sitenote_note":"","_monsterinsights_sitenote_category":0,"footnotes":""},"aioseo_notices":[],"_links":{"self":[{"href":"https:\/\/lk.regionalnidobrovolnickecentrum.cz\/subdom\/lk\/wp-json\/wp\/v2\/pages\/92"}],"collection":[{"href":"https:\/\/lk.regionalnidobrovolnickecentrum.cz\/subdom\/lk\/wp-json\/wp\/v2\/pages"}],"about":[{"href":"https:\/\/lk.regionalnidobrovolnickecentrum.cz\/subdom\/lk\/wp-json\/wp\/v2\/types\/page"}],"author":[{"embeddable":true,"href":"https:\/\/lk.regionalnidobrovolnickecentrum.cz\/subdom\/lk\/wp-json\/wp\/v2\/users\/1"}],"replies":[{"embeddable":true,"href":"https:\/\/lk.regionalnidobrovolnickecentrum.cz\/subdom\/lk\/wp-json\/wp\/v2\/comments?post=92"}],"version-history":[{"count":25,"href":"https:\/\/lk.regionalnidobrovolnickecentrum.cz\/subdom\/lk\/wp-json\/wp\/v2\/pages\/92\/revisions"}],"predecessor-version":[{"id":4090,"href":"https:\/\/lk.regionalnidobrovolnickecentrum.cz\/subdom\/lk\/wp-json\/wp\/v2\/pages\/92\/revisions\/4090"}],"wp:attachment":[{"href":"https:\/\/lk.regionalnidobrovolnickecentrum.cz\/subdom\/lk\/wp-json\/wp\/v2\/media?parent=92"}],"curies":[{"name":"wp","href":"https:\/\/api.w.org\/{rel}","templated":true}]}}

Hledáte dobrovolníky?

<p><strong>Hledáte do své organizace dobrovolníky?</strong></p>
<p>Jste sociální, zdravotní, kulturní či ekologickou organizací? Jste skauti, dobrovolní hasiči nebo jiný typ organizace, která využívá činnost dobrovolníků?</p>
<p><a href="https://lk.regionalnidobrovolnickecentrum.cz/subdom/lk/kontakty/"><strong>Kontaktujte nás</strong></a>, nebo jednoduše <strong>vyplňte formulář</strong> níže. Propojíme vaši organizaci s dobrovolníky, kteří mají zájem pomáhat.</p>
<p><strong>Nabízíme také <a href="https://lk.regionalnidobrovolnickecentrum.cz/subdom/lk/poradna/">poradenství</a></strong> v oblasti dobrovolnictví, například:</p>
<ul>
<li>legislativní úpravy dobrovolnictví,</li>
<li>akreditační řízení Ministerstva vnitra,</li>
<li>dotace ministerstev pro oblasti dobrovolnictví,</li>
<li>založení nové dobrovolnické organizace nebo projektu</li>
</ul>
<p><strong>Nabízíme školení dobrovolníků i koordinátorů</strong> dobrovolníků, nebo kontaktních osob přijímacích organizací.</p>


<p>&nbsp;</p>
<p><a href="https://lk.regionalnidobrovolnickecentrum.cz/all-listings/"><img loading="lazy" decoding="async" class="size-full wp-image-625 aligncenter" src="https://lk.regionalnidobrovolnickecentrum.cz/subdom/lk/wp-content/uploads/2020/09/databaze_7.jpg" alt="" width="900" height="316" srcset="https://lk.regionalnidobrovolnickecentrum.cz/subdom/lk/wp-content/uploads/2020/09/databaze_7.jpg 900w, https://lk.regionalnidobrovolnickecentrum.cz/subdom/lk/wp-content/uploads/2020/09/databaze_7-300x105.jpg 300w, https://lk.regionalnidobrovolnickecentrum.cz/subdom/lk/wp-content/uploads/2020/09/databaze_7-768x270.jpg 768w" sizes="(max-width: 900px) 100vw, 900px" /></a></p>
<p>&nbsp;</p>
<p><strong>Vyplněním formuláře </strong>níže vložíte vaši organizaci do <a href="https://lk.regionalnidobrovolnickecentrum.cz/all-listings/">databáze dobrovolnických organizací a programů</a> Libereckého kraje.</p>
<p>&nbsp;</p>
<h3 style="text-align: left;"> Vložte Vaši organizaci do databáze dobrovolnických organizací Libereckého kraje</h3>
<p>Pro vložení nás prosím kontaktujte.</p>
<p>Vložené údaje zpracovává <a href="https://lk.regionalnidobrovolnickecentrum.cz/subdom/lk/o-nas/">Dobrovolnické centrum ADRA Liberec</a> (IČ 61388122, sídlem Železná 253/20, 46001 Liberec 1).</p>
<ul>
<li>Údaje budou využity výhradně za účelem organizace dobrovolnické práce.</li>
<li>Údaje odeslané prostřednictvím formuláře budou nejprve zkontrolovány správcem webu a teprve následně zveřejněny.</li>
<li>Máme zájem zveřejňovat kvalitní a správné informace, proto si vyhrazujeme si možnost provedení úprav.</li>
</ul>
<p>&nbsp;</p>
<p>&nbsp;</p>

<p>Hledáte do své organizace dobrovolníky? Jste sociální, zdravotní, kulturní či ekologickou organizací? Jste skauti, dobrovolní hasiči nebo jiný typ organizace,</p>
